{"id":26878,"date":"2020-01-29T04:30:45","date_gmt":"2020-01-29T04:30:45","guid":{"rendered":"http:\/\/www.floreriaplaza.com\/catalogo\/producto\/docena-03-c\/"},"modified":"2020-02-01T04:37:19","modified_gmt":"2020-02-01T04:37:19","slug":"docena-03-c","status":"publish","type":"product","link":"https:\/\/www.floreriaplaza.com\/catalogo\/producto\/docena-03-c\/","title":{"rendered":"Docena 03-C"},"content":{"rendered":"<p>Exclusivo y moderno dise\u00f1o con una docena de rosas de invernadero en forma escalonada, con cama de flores exoticas mixtas, finos follajes en una base moderna. Nota: cualquier dise\u00f1o de toda nuestra pagina que te guste, puede elaborarse especialmente para cualquier ocasi\u00f3n, ya sea nacimiento de bebes, cumplea\u00f1os, aniversarios, graduaciones, amor, agradecimientos, bienvenidas, despedidas, y hasta funerales porque se realizaria todo completamente en color blanco.<\/p>\n","protected":false},"excerpt":{"rendered":"<p>Exclusivo y moderno dise\u00f1o con una docena de rosas de invernadero en forma escalonada, con cama de flores exoticas mixtas, finos follajes en una base moderna.<\/p>\n","protected":false},"featured_media":26859,"comment_status":"closed","ping_status":"open","template":"","meta":{"_et_pb_use_builder":"","_et_pb_old_content":"","_et_gb_content_width":""},"product_brand":[],"product_cat":[59,32],"product_tag":[],"class_list":{"0":"post-26878","1":"product","2":"type-product","3":"status-publish","4":"has-post-thumbnail","6":"product_cat-docena-c","7":"product_cat-todos","9":"first","10":"instock","11":"product-type-simple"},"_links":{"self":[{"href":"https:\/\/www.floreriaplaza.com\/catalogo\/wp-json\/wp\/v2\/product\/26878","targetHints":{"allow":["GET"]}}],"collection":[{"href":"https:\/\/www.floreriaplaza.com\/catalogo\/wp-json\/wp\/v2\/product"}],"about":[{"href":"https:\/\/www.floreriaplaza.com\/catalogo\/wp-json\/wp\/v2\/types\/product"}],"replies":[{"embeddable":true,"href":"https:\/\/www.floreriaplaza.com\/catalogo\/wp-json\/wp\/v2\/comments?post=26878"}],"wp:featuredmedia":[{"embeddable":true,"href":"https:\/\/www.floreriaplaza.com\/catalogo\/wp-json\/wp\/v2\/media\/26859"}],"wp:attachment":[{"href":"https:\/\/www.floreriaplaza.com\/catalogo\/wp-json\/wp\/v2\/media?parent=26878"}],"wp:term":[{"taxonomy":"product_brand","embeddable":true,"href":"https:\/\/www.floreriaplaza.com\/catalogo\/wp-json\/wp\/v2\/product_brand?post=26878"},{"taxonomy":"product_cat","embeddable":true,"href":"https:\/\/www.floreriaplaza.com\/catalogo\/wp-json\/wp\/v2\/product_cat?post=26878"},{"taxonomy":"product_tag","embeddable":true,"href":"https:\/\/www.floreriaplaza.com\/catalogo\/wp-json\/wp\/v2\/product_tag?post=26878"}],"curies":[{"name":"wp","href":"https:\/\/api.w.org\/{rel}","templated":true}]}}