{"id":26822,"date":"2020-01-28T18:44:27","date_gmt":"2020-01-28T18:44:27","guid":{"rendered":"http:\/\/www.floreriaplaza.com\/catalogo\/?post_type=product&#038;p=26822"},"modified":"2020-10-25T03:11:01","modified_gmt":"2020-10-25T03:11:01","slug":"ramo-08-g-2","status":"publish","type":"product","link":"https:\/\/www.floreriaplaza.com\/catalogo\/producto\/ramo-08-g-2\/","title":{"rendered":"Ramo 08-G"},"content":{"rendered":"<p>Elegante, inolvidable y especial ramo rosas envuelto, con follajes finos y mo\u00f1o con liston de fina organza, el ramo tiene vista por todos lados, es redondo. Nota: cualquier dise\u00f1o de toda nuestra pagina que te guste, puede elaborarse especialmente para cualquier ocasi\u00f3n, ya sea nacimiento de bebes, cumplea\u00f1os, aniversarios, graduaciones, amor, agradecimientos, bienvenidas, despedidas, y hasta funerales porque se realizaria todo completamente en color blanco. Las im\u00e1genes sirven como referencia. cajas, flores, accesorios y colores pueden ser modificados dependiendo de la temporada de las flores y la existencia de material, manteniendo la calidad del producto.<\/p>\n","protected":false},"excerpt":{"rendered":"<p>Elegante, inolvidable y especial ramo rosas envuelto, con follajes finos y mo\u00f1o con liston de fina organza, el ramo tiene vista por todos lados, es redondo.<\/p>\n","protected":false},"featured_media":26804,"comment_status":"closed","ping_status":"closed","template":"","meta":{"_et_pb_use_builder":"","_et_pb_old_content":"","_et_gb_content_width":""},"product_brand":[],"product_cat":[63,32],"product_tag":[],"class_list":{"0":"post-26822","1":"product","2":"type-product","3":"status-publish","4":"has-post-thumbnail","6":"product_cat-ramos-g","7":"product_cat-todos","9":"first","10":"instock","11":"product-type-simple"},"_links":{"self":[{"href":"https:\/\/www.floreriaplaza.com\/catalogo\/wp-json\/wp\/v2\/product\/26822","targetHints":{"allow":["GET"]}}],"collection":[{"href":"https:\/\/www.floreriaplaza.com\/catalogo\/wp-json\/wp\/v2\/product"}],"about":[{"href":"https:\/\/www.floreriaplaza.com\/catalogo\/wp-json\/wp\/v2\/types\/product"}],"replies":[{"embeddable":true,"href":"https:\/\/www.floreriaplaza.com\/catalogo\/wp-json\/wp\/v2\/comments?post=26822"}],"wp:featuredmedia":[{"embeddable":true,"href":"https:\/\/www.floreriaplaza.com\/catalogo\/wp-json\/wp\/v2\/media\/26804"}],"wp:attachment":[{"href":"https:\/\/www.floreriaplaza.com\/catalogo\/wp-json\/wp\/v2\/media?parent=26822"}],"wp:term":[{"taxonomy":"product_brand","embeddable":true,"href":"https:\/\/www.floreriaplaza.com\/catalogo\/wp-json\/wp\/v2\/product_brand?post=26822"},{"taxonomy":"product_cat","embeddable":true,"href":"https:\/\/www.floreriaplaza.com\/catalogo\/wp-json\/wp\/v2\/product_cat?post=26822"},{"taxonomy":"product_tag","embeddable":true,"href":"https:\/\/www.floreriaplaza.com\/catalogo\/wp-json\/wp\/v2\/product_tag?post=26822"}],"curies":[{"name":"wp","href":"https:\/\/api.w.org\/{rel}","templated":true}]}}